e the remainder when 39 is divided by c(h).
6
Suppose -17*u + 392 = -866. What is the remainder when u is divided by 27?
20
Suppose -4*c + 2*d = -26, c - 3*c - 5*d + 7 = 0. Let f(o) = o**2 - 1. Let z = -394 - -406. What is the remainder when f(c) is divided by z?
11
Suppose 6*n - 685 + 217 = 0. Let i = n - 36. Calculate the remainder when i is divided by 15.
12
Suppose 5*t = 875 + 305. What is the remainder when t is divided by 30?
26
Suppose 2*v - 10 = -i, -2*i - 16 = -4*v - 4. Suppose 12 - 127 = -3*g + q, v*g = -5*q + 166. What is the remainder when g is divided by 10?
9
Calculate the remainder when 18/(-8 + 2)*-32 is divided by 25.
21
Suppose -240 = -15*t - 90. What is the remainder when 42 is divided by t?
2
Suppose -23 + 59 = 2*i + 4*k, 0 = -3*i - 4*k + 52. Calculate the remainder when 443 is divided by i.
11
Let s(m) = -m**2 - 8*m + 61. Let b be s(-13). Let a(v) be the second derivative of v**4/12 - 2*v**2 - v. Calculate the remainder when 45 is divided by a(b).
9
Let u = 1712 + -1684. Let b be 5/(2 - 1) - 1. Let i(o) = 2*o**2 - 5*o - 2. What is the remainder when u is divided by i(b)?
8
Let b be (-7200)/(-156) - (-4)/(-26). Suppose 4*q - 5*m = 92, 2*q = 4*q - 5*m - b. Calculate the remainder when q is divided by 6.
5
Let o(v) = 0*v**2 - 9*v + 9*v**2 + 10 - 8*v**2. What is the remainder when ((-2)/6)/((-3)/171) is divided by o(9)?
9
Let n(c) = -c**3 - 31*c**2 - 38*c - 52. What is the remainder when n(-30) is divided by 8?
4
Suppose 39*w - 42 = 38*w. Calculate the remainder when 91 is divided by w.
7
Let p = 0 + -4. Let l(n) = n**2 - 2*n - 5. Suppose -13*z + 249 = -453. What is the remainder when z is divided by l(p)?
16
Suppose -7*w + 77 + 112 = 0. Calculate the remainder when 125 is divided by w.
17
Let z(i) = -3*i + 26. Let t(c) = -c + 2. Let n be t(15). Calculate the remainder when z(n) is divided by 22.
21
Let x = 198 - 157. Calculate the remainder when x is divided by 11.
8
Let o(s) = 3*s**2 + 49*s - 334. Calculate the remainder when o(-25) is divided by 50.
16
Suppose 19 = 5*d - 16. Suppose -29 = -d*r + 6*r. What is the remainder when 54 is divided by r?
25
Suppose -i + 101 = 32. What is the remainder when i is divided by 5/2*108/15?
15
Suppose -3*b = -18*b + 1065. Calculate the remainder when b is divided by 27.
17
Let i = 84 - 32. Calculate the remainder when i is divided by 38.
14
Let f(l) = -l**3 + 6*l**2 - 4*l + 2. Let y be f(5). Calculate the remainder when 112 is divided by (-14)/y - (-40 + 0).
36
Let x(t) = -t**3 + 8*t**2 + 2*t - 2. Let s be (0 + 1)/((-9)/(-54)). Suppose -2*c + s = -10. Calculate the remainder when 39 is divided by x(c).
11
Let m(z) = -z**3 - 22*z**2 - 22*z - 14. Let y be m(-21). Let v = y + 0. What is the remainder when 26 is divided by v?
5
Suppose 0*s = 33*s - 396. Calculate the remainder when 270 is divided by s.
6
Let n = 4 + -3. Let y(m) = 4*m - 39. Let p be 3*10/(-6)*-2. What is the remainder when y(p) is divided by n?
0
Suppose 3*a - 7 = f, -4*a + 13 = a - f. Suppose 5*u = 5*t + 720, -a*t = 2*u + t - 288. What is the remainder when u is divided by 37?
33
Suppose -3 + 3 = -18*v. Suppose -2*g - 5*h - 26 = -83, v = -5*g + 4*h + 93. Let f(l) = -l**2 + 5*l - 2. What is the remainder when g is divided by f(2)?
1
Let r = 133 + -112. Calculate the remainder when 187 is divided by r.
19
Suppose -2*k = -4 - 10. Let u(n) = 8*n - 7. Let g be u(4). Let f = 50 - g. Calculate the remainder when f is divided by k.
4
Let f(n) = 38*n**2 + 2*n - 1. Let h be f(1). Calculate the remainder when 10 is divided by 150/h + (-6)/(-39).
2
Suppose 4*b - 3*y + 7 = 0, 3*b - 6 = y - 5. What is the remainder when 456/88 + 2/(-11) is divided by b?
1
Suppose 8*g - 5*g + u - 14 = 0, 4*g - 2*u = 2. Calculate the remainder when (24/9 + -5)*-3 is divided by g.
1
Let h(u) = u**2 - 11*u + 7. Let s be h(10). What is the remainder when 3*(-2)/s - -58 is divided by 9?
6
Let z be ((-2)/(-4))/((-3)/6). Let j be z - -1*(1 - 0). Suppose j = 5*f - 137 + 32. Calculate the remainder when 61 is divided by f.
19
Let o = 7 - 9. Suppose 12*b - 7*b - 91 = s, -4*s = 3*b - 73. What is the remainder when (5 + o)/(3/34) is divided by b?
15
Suppose 0 = 3*y + 8 - 32. Suppose 2*s - y = -0*s. Suppose -s*g + 15 + 21 = 0. What is the remainder when 26 is divided by g?
8
Suppose -5*m + 160 + 90 = 0. Suppose 8 = 4*s, s - 48 = -3*g - 2*s. Calculate the remainder when m is divided by g.
8
Let z(a) = a**3 - 6*a**2 + 6*a + 5. Let i be z(5). What is the remainder when 6/(-10) + 176/i is divided by 4?
1
Suppose -7 = -2*d - y, 6*d - 10 = 4*d - 4*y. Suppose 5*l + 4*v - 62 = 9, -27 = -2*l - d*v. Calculate the remainder when 87 is divided by l.
12
Let k(m) = m**3 - m**2 + 29. Let a be k(0). Suppose -a - 46 = 5*w. Let r = w + 25. Calculate the remainder when 18 is divided by r.
8
Let x(f) = -34*f**3 - 3*f**2 + 2*f + 4. Calculate the remainder when 129 is divided by x(-1).
30
Let t(u) = u**2 + 5*u - 32. Suppose q - 21 = -3*p, 0 = -p - p - q + 15. Calculate the remainder when t(p) is divided by 11.
1
Suppose 0 = -9*s + 11*s - 10. Suppose s*x + 5*n - 115 = 0, -2 + 4 = -n. What is the remainder when 47 is divided by x?
22
Let m = 0 + -7. What is the remainder when 21 is divided by (6 + -1)/(m - -8)?
1
Let k(g) = 2 + 4*g**3 + g - 1 - 5*g**3 - g**2 - 12*g**3. Let m be k(-1). Let w = m + 2. Calculate the remainder when 39 is divided by w.
11
Let l = 42 + -22. What is the remainder when 56 is divided by 3/(3/l) - 0/(-1)?
16
Suppose -u + 20 = 5*r, 5*r - u - 20 = 3*u. Suppose -r*d + 10 = s, 5*d - s - 17 = -0*s. Calculate the remainder when 10 is divided by d.
1
Let n(f) = 12*f - 316. Calculate the remainder when 150 is divided by n(30).
18
Let d(x) = 13*x**3 + x**2 - x + 2. Let l be 2/4*(4 - 0). Let g be d(l). Suppose -6*c + g = -0*c. Calculate the remainder when 35 is divided by c.
17
Suppose -135 = -63*k + 58*k + 5*b, -51 = -3*k - 3*b. Suppose 4*m - 119 = -2*l + 3*m, 2*m - 52 = -l. What is the remainder when l is divided by k?
18
Let t be (-12)/21 - (-16)/28. Let j be 7/2 - 2/4. What is the remainder when 53 is divided by t + j + 8 + 3?
11
Suppose 0 = -5*d + 5, -11*x + 12*x + 5*d = 124. What is the remainder when x is divided by 10?
9
What is the remainder when 125 is divided by (-16)/(-4) + (5 - 0)?
8
Let m(p) = -2*p**2 + 28*p - 27. What is the remainder when 227 is divided by m(11)?
32
Calculate the remainder when 44 is divided by (135/21 + -7)*189/(-6).
8
Suppose 0 = -33*n + 6*n + 24003. What is the remainder when n is divided by 81?
79
Let d = 38 + -35. Suppose 0 = -d*x + 5*a - 11, a + 4 = -4*x + 5*a. Suppose x*w - 56 = 1. What is the remainder when 75 is divided by w?
18
Let z be (3 + 21)/(1/2). Suppose y = -3*y + z. Suppose -20*b = -40*b + 660. Calculate the remainder when b is divided by y.
9
Suppose 0 = -3*z - 2*z + 275. Suppose 4*j - j + 112 = 4*v, -5*j = 3*v - z. What is the remainder when v is divided by (0 + 7)/((-6)/(-12))?
11
Let m(a) = a**2 - 9*a + 3. Calculate the remainder when 4 + 38 + -1 + 4 is divided by m(10).
6
Let t(v) = v**3 - 2*v**2 + 3*v - 2. Calculate the remainder when t(3) is divided by 8.
0
Let m = -62 - -70. Suppose m*t - 4*t = 184. What is the remainder when t is divided by 6?
4
What is the remainder when (12 - -2)*6/4 is divided by (-1 + 6 - 2)*110/22?
6
Let l = -1715 + 1787. Calculate the remainder when 1149 is divided by l.
69
Suppose -5*i + 39 = 8*i. Let t be -2*1/(-6)*9. Suppose -t*g + 1 = -11. Calculate the remainder when g is divided by i.
1
Let z be 1/(-4) - 13/(-4). Let x = z + -12. What is the remainder when 22 is divided by (-8)/6*x + 1?
9
Let v(k) = 4*k**2 - 4*k**2 - 5 + 7*k**2 + 6*k - k**3 + k**2. Let q(z) = z**3 + 6*z**2 + z + 2. Calculate the remainder when v(7) is divided by q(-5).
20
Calculate the remainder when 244 is divided by (-45)/(-2) + (-5)/(-4)*2.
19
Suppose 2 = 4*l - 6. Let z be l/11 - 4014/(-66). Suppose -3*c + 3*j + z = -8, -3*c + 5*j + 79 = 0. Calculate the remainder when 33 is divided by c.
15
Let t = -105 + 133. Let l = 261 + -123. What is the remainder when l is divided by t?
26
Suppose h - 13 = 4*l, -h = -2*h - 2*l - 5. Let f(v) = 28 - 3*v - 29 - 25. Calculate the remainder when f(-9) is divided by h.
0
Let v = 12 + 10. Let g be (0 - 38/6)*-27. Suppose 0*j = -4*j - 2*d + 174, -4*j - d + g = 0. What is the remainder 